{"id":12966,"date":"2025-04-14T22:19:42","date_gmt":"2025-04-14T22:19:42","guid":{"rendered":"https:\/\/cafechocolate.de\/produkt\/avocado-ei-klein\/"},"modified":"2025-04-15T10:04:35","modified_gmt":"2025-04-15T10:04:35","slug":"avocado-ei-klein","status":"publish","type":"product","link":"https:\/\/cafechocolate.de\/en\/product\/avocado-ei-klein\/","title":{"rendered":"Avocado &amp; Egg small"},"content":{"rendered":"<p>One slice of toasted country bread with smashed avocado, a poached egg, pomegranate seeds, sesame, and a small side salad with balsamico creme.<\/p>","protected":false},"excerpt":{"rendered":"<p>One slice of toasted country bread with smashed avocado, a poached egg, pomegranate seeds, sesame, and a small side salad with balsamico creme.<\/p>","protected":false},"featured_media":13103,"template":"","meta":[],"product_brand":[],"product_cat":[110],"product_tag":[],"class_list":{"0":"post-12966","1":"product","2":"type-product","3":"status-publish","4":"has-post-thumbnail","6":"product_cat-brunch","8":"first","9":"instock","10":"taxable","11":"shipping-taxable","12":"purchasable","13":"product-type-simple"},"yoast_head":"<!-- This site is optimized with the Yoast SEO plugin v26.8 - https:\/\/yoast.com\/product\/yoast-seo-wordpress\/ -->\n<title>Avocado Ei Klein - Cafe Chocolate<\/title>\n<meta name=\"robots\" content=\"index, follow, max-snippet:-1, max-image-preview:large, max-video-preview:-1\" \/>\n<link rel=\"canonical\" href=\"https:\/\/cafechocolate.de\/en\/product\/avocado-ei-klein\/\" \/>\n<meta property=\"og:locale\" content=\"en_GB\" \/>\n<meta property=\"og:type\" content=\"article\" \/>\n<meta property=\"og:title\" content=\"Avocado Ei Klein - Cafe Chocolate\" \/>\n<meta property=\"og:description\" content=\"1 Scheibe ger\u00f6stetes Bauernbrot, smashed Avocado, 1 pochiertes Ei, Granatapfel, Sesam, kleiner Salat mit Balsamico Creme\" \/>\n<meta property=\"og:url\" content=\"https:\/\/cafechocolate.de\/en\/product\/avocado-ei-klein\/\" \/>\n<meta property=\"og:site_name\" content=\"Cafe Chocolate\" \/>\n<meta property=\"article:modified_time\" content=\"2025-04-15T10:04:35+00:00\" \/>\n<meta property=\"og:image\" content=\"https:\/\/cafechocolate.de\/wp-content\/uploads\/2025\/04\/2B.jpg\" \/>\n\t<meta property=\"og:image:width\" content=\"1080\" \/>\n\t<meta property=\"og:image:height\" content=\"720\" \/>\n\t<meta property=\"og:image:type\" content=\"image\/jpeg\" \/>\n<meta name=\"twitter:card\" content=\"summary_large_image\" \/>\n<script type=\"application\/ld+json\" class=\"yoast-schema-graph\">{\"@context\":\"https:\/\/schema.org\",\"@graph\":[{\"@type\":\"WebPage\",\"@id\":\"https:\/\/cafechocolate.de\/produkt\/avocado-ei-klein\/\",\"url\":\"https:\/\/cafechocolate.de\/produkt\/avocado-ei-klein\/\",\"name\":\"Avocado Ei Klein - Cafe Chocolate\",\"isPartOf\":{\"@id\":\"https:\/\/cafechocolate.de\/#website\"},\"primaryImageOfPage\":{\"@id\":\"https:\/\/cafechocolate.de\/produkt\/avocado-ei-klein\/#primaryimage\"},\"image\":{\"@id\":\"https:\/\/cafechocolate.de\/produkt\/avocado-ei-klein\/#primaryimage\"},\"thumbnailUrl\":\"https:\/\/cafechocolate.de\/wp-content\/uploads\/2025\/04\/2B.jpg\",\"datePublished\":\"2025-04-14T22:19:42+00:00\",\"dateModified\":\"2025-04-15T10:04:35+00:00\",\"breadcrumb\":{\"@id\":\"https:\/\/cafechocolate.de\/produkt\/avocado-ei-klein\/#breadcrumb\"},\"inLanguage\":\"en-GB\",\"potentialAction\":[{\"@type\":\"ReadAction\",\"target\":[\"https:\/\/cafechocolate.de\/produkt\/avocado-ei-klein\/\"]}]},{\"@type\":\"ImageObject\",\"inLanguage\":\"en-GB\",\"@id\":\"https:\/\/cafechocolate.de\/produkt\/avocado-ei-klein\/#primaryimage\",\"url\":\"https:\/\/cafechocolate.de\/wp-content\/uploads\/2025\/04\/2B.jpg\",\"contentUrl\":\"https:\/\/cafechocolate.de\/wp-content\/uploads\/2025\/04\/2B.jpg\",\"width\":1080,\"height\":720},{\"@type\":\"BreadcrumbList\",\"@id\":\"https:\/\/cafechocolate.de\/produkt\/avocado-ei-klein\/#breadcrumb\",\"itemListElement\":[{\"@type\":\"ListItem\",\"position\":1,\"name\":\"Startseite\",\"item\":\"https:\/\/cafechocolate.de\/\"},{\"@type\":\"ListItem\",\"position\":2,\"name\":\"Produkte\",\"item\":\"https:\/\/cafechocolate.de\/shop\/\"},{\"@type\":\"ListItem\",\"position\":3,\"name\":\"Avocado Ei Klein\"}]},{\"@type\":\"WebSite\",\"@id\":\"https:\/\/cafechocolate.de\/#website\",\"url\":\"https:\/\/cafechocolate.de\/\",\"name\":\"Caf\u00e9 Chocolate - Brunch-Hotspot in der K\u00f6lner Innenstadt\",\"description\":\"Das Cafe in der K\u00f6lner Innenstadt\",\"publisher\":{\"@id\":\"https:\/\/cafechocolate.de\/#organization\"},\"potentialAction\":[{\"@type\":\"SearchAction\",\"target\":{\"@type\":\"EntryPoint\",\"urlTemplate\":\"https:\/\/cafechocolate.de\/?s={search_term_string}\"},\"query-input\":{\"@type\":\"PropertyValueSpecification\",\"valueRequired\":true,\"valueName\":\"search_term_string\"}}],\"inLanguage\":\"en-GB\"},{\"@type\":\"Organization\",\"@id\":\"https:\/\/cafechocolate.de\/#organization\",\"name\":\"Caf\u00e9 Chocolate\",\"url\":\"https:\/\/cafechocolate.de\/\",\"logo\":{\"@type\":\"ImageObject\",\"inLanguage\":\"en-GB\",\"@id\":\"https:\/\/cafechocolate.de\/#\/schema\/logo\/image\/\",\"url\":\"https:\/\/cafechocolate.de\/wp-content\/uploads\/2025\/01\/Cafe-Chocolate.png\",\"contentUrl\":\"https:\/\/cafechocolate.de\/wp-content\/uploads\/2025\/01\/Cafe-Chocolate.png\",\"width\":945,\"height\":945,\"caption\":\"Caf\u00e9 Chocolate\"},\"image\":{\"@id\":\"https:\/\/cafechocolate.de\/#\/schema\/logo\/image\/\"},\"sameAs\":[\"https:\/\/instagram.com\/cafechocolatede\"]}]}<\/script>\n<!-- \/ Yoast SEO plugin. -->","yoast_head_json":{"title":"Avocado Ei Klein - Cafe Chocolate","robots":{"index":"index","follow":"follow","max-snippet":"max-snippet:-1","max-image-preview":"max-image-preview:large","max-video-preview":"max-video-preview:-1"},"canonical":"https:\/\/cafechocolate.de\/en\/product\/avocado-ei-klein\/","og_locale":"en_GB","og_type":"article","og_title":"Avocado Ei Klein - Cafe Chocolate","og_description":"1 Scheibe ger\u00f6stetes Bauernbrot, smashed Avocado, 1 pochiertes Ei, Granatapfel, Sesam, kleiner Salat mit Balsamico Creme","og_url":"https:\/\/cafechocolate.de\/en\/product\/avocado-ei-klein\/","og_site_name":"Cafe Chocolate","article_modified_time":"2025-04-15T10:04:35+00:00","og_image":[{"width":1080,"height":720,"url":"https:\/\/cafechocolate.de\/wp-content\/uploads\/2025\/04\/2B.jpg","type":"image\/jpeg"}],"twitter_card":"summary_large_image","schema":{"@context":"https:\/\/schema.org","@graph":[{"@type":"WebPage","@id":"https:\/\/cafechocolate.de\/produkt\/avocado-ei-klein\/","url":"https:\/\/cafechocolate.de\/produkt\/avocado-ei-klein\/","name":"Avocado Ei Klein - Cafe Chocolate","isPartOf":{"@id":"https:\/\/cafechocolate.de\/#website"},"primaryImageOfPage":{"@id":"https:\/\/cafechocolate.de\/produkt\/avocado-ei-klein\/#primaryimage"},"image":{"@id":"https:\/\/cafechocolate.de\/produkt\/avocado-ei-klein\/#primaryimage"},"thumbnailUrl":"https:\/\/cafechocolate.de\/wp-content\/uploads\/2025\/04\/2B.jpg","datePublished":"2025-04-14T22:19:42+00:00","dateModified":"2025-04-15T10:04:35+00:00","breadcrumb":{"@id":"https:\/\/cafechocolate.de\/produkt\/avocado-ei-klein\/#breadcrumb"},"inLanguage":"en-GB","potentialAction":[{"@type":"ReadAction","target":["https:\/\/cafechocolate.de\/produkt\/avocado-ei-klein\/"]}]},{"@type":"ImageObject","inLanguage":"en-GB","@id":"https:\/\/cafechocolate.de\/produkt\/avocado-ei-klein\/#primaryimage","url":"https:\/\/cafechocolate.de\/wp-content\/uploads\/2025\/04\/2B.jpg","contentUrl":"https:\/\/cafechocolate.de\/wp-content\/uploads\/2025\/04\/2B.jpg","width":1080,"height":720},{"@type":"BreadcrumbList","@id":"https:\/\/cafechocolate.de\/produkt\/avocado-ei-klein\/#breadcrumb","itemListElement":[{"@type":"ListItem","position":1,"name":"Startseite","item":"https:\/\/cafechocolate.de\/"},{"@type":"ListItem","position":2,"name":"Produkte","item":"https:\/\/cafechocolate.de\/shop\/"},{"@type":"ListItem","position":3,"name":"Avocado Ei Klein"}]},{"@type":"WebSite","@id":"https:\/\/cafechocolate.de\/#website","url":"https:\/\/cafechocolate.de\/","name":"Caf\u00e9 Chocolate - Brunch-Hotspot in der K\u00f6lner Innenstadt","description":"Das Cafe in der K\u00f6lner Innenstadt","publisher":{"@id":"https:\/\/cafechocolate.de\/#organization"},"potentialAction":[{"@type":"SearchAction","target":{"@type":"EntryPoint","urlTemplate":"https:\/\/cafechocolate.de\/?s={search_term_string}"},"query-input":{"@type":"PropertyValueSpecification","valueRequired":true,"valueName":"search_term_string"}}],"inLanguage":"en-GB"},{"@type":"Organization","@id":"https:\/\/cafechocolate.de\/#organization","name":"Caf\u00e9 Chocolate","url":"https:\/\/cafechocolate.de\/","logo":{"@type":"ImageObject","inLanguage":"en-GB","@id":"https:\/\/cafechocolate.de\/#\/schema\/logo\/image\/","url":"https:\/\/cafechocolate.de\/wp-content\/uploads\/2025\/01\/Cafe-Chocolate.png","contentUrl":"https:\/\/cafechocolate.de\/wp-content\/uploads\/2025\/01\/Cafe-Chocolate.png","width":945,"height":945,"caption":"Caf\u00e9 Chocolate"},"image":{"@id":"https:\/\/cafechocolate.de\/#\/schema\/logo\/image\/"},"sameAs":["https:\/\/instagram.com\/cafechocolatede"]}]}},"_links":{"self":[{"href":"https:\/\/cafechocolate.de\/en\/wp-json\/wp\/v2\/product\/12966","targetHints":{"allow":["GET"]}}],"collection":[{"href":"https:\/\/cafechocolate.de\/en\/wp-json\/wp\/v2\/product"}],"about":[{"href":"https:\/\/cafechocolate.de\/en\/wp-json\/wp\/v2\/types\/product"}],"version-history":[{"count":1,"href":"https:\/\/cafechocolate.de\/en\/wp-json\/wp\/v2\/product\/12966\/revisions"}],"predecessor-version":[{"id":12967,"href":"https:\/\/cafechocolate.de\/en\/wp-json\/wp\/v2\/product\/12966\/revisions\/12967"}],"wp:featuredmedia":[{"embeddable":true,"href":"https:\/\/cafechocolate.de\/en\/wp-json\/wp\/v2\/media\/13103"}],"wp:attachment":[{"href":"https:\/\/cafechocolate.de\/en\/wp-json\/wp\/v2\/media?parent=12966"}],"wp:term":[{"taxonomy":"product_brand","embeddable":true,"href":"https:\/\/cafechocolate.de\/en\/wp-json\/wp\/v2\/product_brand?post=12966"},{"taxonomy":"product_cat","embeddable":true,"href":"https:\/\/cafechocolate.de\/en\/wp-json\/wp\/v2\/product_cat?post=12966"},{"taxonomy":"product_tag","embeddable":true,"href":"https:\/\/cafechocolate.de\/en\/wp-json\/wp\/v2\/product_tag?post=12966"}],"curies":[{"name":"wp","href":"https:\/\/api.w.org\/{rel}","templated":true}]}}

<!-- This site is optimized with the Yoast SEO plugin v26.8 - https://yoast.com/product/yoast-seo-wordpress/ -->
<title>Avocado Ei Klein - Cafe Chocolate</title>
<meta name="robots" content="index, follow, max-snippet:-1, max-image-preview:large, max-video-preview:-1" />
<link rel="canonical" href="https://cafechocolate.de/en/product/avocado-ei-klein/" />
<meta property="og:locale" content="en_GB" />
<meta property="og:type" content="article" />
<meta property="og:title" content="Avocado Ei Klein - Cafe Chocolate" />
<meta property="og:description" content="1 Scheibe geröstetes Bauernbrot, smashed Avocado, 1 pochiertes Ei, Granatapfel, Sesam, kleiner Salat mit Balsamico Creme" />
<meta property="og:url" content="https://cafechocolate.de/en/product/avocado-ei-klein/" />
<meta property="og:site_name" content="Cafe Chocolate" />
<meta property="article:modified_time" content="2025-04-15T10:04:35+00:00" />
<meta property="og:image" content="https://cafechocolate.de/wp-content/uploads/2025/04/2B.jpg" />
	<meta property="og:image:width" content="1080" />
	<meta property="og:image:height" content="720" />
	<meta property="og:image:type" content="image/jpeg" />
<meta name="twitter:card" content="summary_large_image" />
<script type="application/ld+json" class="yoast-schema-graph">{"@context":"https://schema.org","@graph":[{"@type":"WebPage","@id":"https://cafechocolate.de/produkt/avocado-ei-klein/","url":"https://cafechocolate.de/produkt/avocado-ei-klein/","name":"Avocado Ei Klein - Cafe Chocolate","isPartOf":{"@id":"https://cafechocolate.de/#website"},"primaryImageOfPage":{"@id":"https://cafechocolate.de/produkt/avocado-ei-klein/#primaryimage"},"image":{"@id":"https://cafechocolate.de/produkt/avocado-ei-klein/#primaryimage"},"thumbnailUrl":"https://cafechocolate.de/wp-content/uploads/2025/04/2B.jpg","datePublished":"2025-04-14T22:19:42+00:00","dateModified":"2025-04-15T10:04:35+00:00","breadcrumb":{"@id":"https://cafechocolate.de/produkt/avocado-ei-klein/#breadcrumb"},"inLanguage":"en-GB","potentialAction":[{"@type":"ReadAction","target":["https://cafechocolate.de/produkt/avocado-ei-klein/"]}]},{"@type":"ImageObject","inLanguage":"en-GB","@id":"https://cafechocolate.de/produkt/avocado-ei-klein/#primaryimage","url":"https://cafechocolate.de/wp-content/uploads/2025/04/2B.jpg","contentUrl":"https://cafechocolate.de/wp-content/uploads/2025/04/2B.jpg","width":1080,"height":720},{"@type":"BreadcrumbList","@id":"https://cafechocolate.de/produkt/avocado-ei-klein/#breadcrumb","itemListElement":[{"@type":"ListItem","position":1,"name":"Startseite","item":"https://cafechocolate.de/"},{"@type":"ListItem","position":2,"name":"Produkte","item":"https://cafechocolate.de/shop/"},{"@type":"ListItem","position":3,"name":"Avocado Ei Klein"}]},{"@type":"WebSite","@id":"https://cafechocolate.de/#website","url":"https://cafechocolate.de/","name":"Café Chocolate - Brunch-Hotspot in der Kölner Innenstadt","description":"Das Cafe in der Kölner Innenstadt","publisher":{"@id":"https://cafechocolate.de/#organization"},"potentialAction":[{"@type":"SearchAction","target":{"@type":"EntryPoint","urlTemplate":"https://cafechocolate.de/?s={search_term_string}"},"query-input":{"@type":"PropertyValueSpecification","valueRequired":true,"valueName":"search_term_string"}}],"inLanguage":"en-GB"},{"@type":"Organization","@id":"https://cafechocolate.de/#organization","name":"Café Chocolate","url":"https://cafechocolate.de/","logo":{"@type":"ImageObject","inLanguage":"en-GB","@id":"https://cafechocolate.de/#/schema/logo/image/","url":"https://cafechocolate.de/wp-content/uploads/2025/01/Cafe-Chocolate.png","contentUrl":"https://cafechocolate.de/wp-content/uploads/2025/01/Cafe-Chocolate.png","width":945,"height":945,"caption":"Café Chocolate"},"image":{"@id":"https://cafechocolate.de/#/schema/logo/image/"},"sameAs":["https://instagram.com/cafechocolatede"]}]}</script>
<!-- / Yoast SEO plugin. -->

1 Scheibe geröstetes Bauernbrot, smashed Avocado, 1 pochiertes Ei, Granatapfel, Sesam, kleiner Salat mit Balsamico Creme

Café Chocolate - Brunch-Hotspot in der Kölner Innenstadt

Das Cafe in der Kölner Innenstadt

Café Chocolate
